184?
51
Calculate the remainder when 10392 is divided by 2750.
2142
What is the remainder when 59179 is divided by 19560?
499
Calculate the remainder when 1459638 is divided by 76735.
1673
What is the remainder when 5640986 is divided by 675?
11
Calculate the remainder when 15048071 is divided by 5016019.
14
Calculate the remainder when 11323505 is divided by 6101.
49
What is the remainder when 124321 is divided by 36?
13
Calculate the remainder when 21623 is divided by 10073.
1477
What is the remainder when 21568224 is divided by 5392054?
8
What is the remainder when 374419 is divided by 1485?
199
What is the remainder when 65722 is divided by 21815?
277
Calculate the remainder when 33814 is divided by 16879.
56
Calculate the remainder when 1507882 is divided by 215410.
12
What is the remainder when 711804 is divided by 6296?
356
What is the remainder when 6914282 is divided by 47?
18
Calculate the remainder when 199474 is divided by 28487.
65
What is the remainder when 645409 is divided by 77?
72
What is the remainder when 2873292 is divided by 225?
42
What is the remainder when 59435 is divided by 11333?
2770
Calculate the remainder when 349437989 is divided by 3017.
3015
Calculate the remainder when 3923944 is divided by 149.
29
Calculate the remainder when 213711 is divided by 23743.
24
What is the remainder when 1800235 is divided by 51?
37
Calculate the remainder when 2371108 is divided by 10091.
9814
What is the remainder when 753817352 is divided by 3411?
3407
What is the remainder when 51973244 is divided by 103739?
5
Calculate the remainder when 4443936 is divided by 2611.
14
Calculate the remainder when 637703 is divided by 9242.
5
Calculate the remainder when 17565898 is divided by 31.
27
Calculate the remainder when 2951 is divided by 571.
96
Calculate the remainder when 131410015 is divided by 29.
24
Calculate the remainder when 13574556 is divided by 20.
16
Calculate the remainder when 4729184 is divided by 1273.
1262
Calculate the remainder when 4345499759 is divided by 33.
29
Calculate the remainder when 28507502 is divided by 3895.
3892
Calculate the remainder when 28029096 is divided by 170.
6
Calculate the remainder when 166244 is divided by 605.
474
What is the remainder when 56065436 is divided by 56?
28
What is the remainder when 25271391 is divided by 67?
63
Calculate the remainder when 8265360 is divided by 104.
64
Calculate the remainder when 3427593 is divided by 28095.
3
What is the remainder when 1136103 is divided by 4177?
4136
What is the remainder when 5720126 is divided by 6144?
62
Calculate the remainder when 1350958 is divided by 866.
864
What is the remainder when 12549868 is divided by 392?
380
Calculate the remainder when 212019 is divided by 105261.
1497
What is the remainder when 31406527 is divided by 2300?
27
What is the remainder when 2356769 is divided by 34?
25
What is the remainder when 10938860 is divided by 331475?
185
What is the remainder when 2788746 is divided by 929571?
33
Calculate the remainder when 4186041 is divided by 1296.
1257
What is the remainder when 40708768 is divided by 13?
9
Calculate the remainder when 544138 is divided by 136030.
18
What is the remainder when 2790999 is divided by 179?
31
What is the remainder when 20170271 is divided by 220?
11
What is the remainder when 4713882 is divided by 89?
86
Calculate the remainder when 3673835 is divided by 10.
5
What is the remainder when 536576 is divided by 79?
8
Calculate the remainder when 261128 is divided by 1115.
218
Calculate the remainder when 45095 is divided by 1965.
1865
What is the remainder when 2510797 is divided by 652?
597
Calculate the remainder when 3833629 is divided by 16244.
45
What is the remainder when 37488 is divided by 3328?
880
What is the remainder when 1178074 is divided by 1028?
1014
What is the remainder when 48643111 is divided by 4088?
4087
Calculate the remainder when 12683023 is divided by 52.
15
Calculate the remainder when 393072 is divided by 786.
72
Calculate the remainder when 1617433 is divided by 4348.
4325
What is the remainder when 18077172 is divided by 181?
159
Calculate the remainder when 1027420 is divided by 2515.
1300
What is the remainder when 952205 is divided by 1210?
1145
What is the remainder when 3331464 is divided by 1665638?
188
What is the remainder when 124424 is divided by 1056?
872
What is the remainder when 14567603 is divided by 7406?
1
Calculate the remainder when 47580480 is divided by 235.
30
What is the remainder when 393565 is divided by 77894?
4095
Calculate the remainder when 313468 is divided by 12.
4
What is the remainder when 175403 is divided by 1758?
1361
Calculate the remainder when 316674 is divided by 122.
84
What is the remainder when 8011305 is divided by 177?
108
Calculate the remainder when 3108377 is divided by 41.
3
What is the remainder when 6923537 is divided by 2237?
22
Calculate the remainder when 2514135 is divided by 2870.
15
What is the remainder when 462882 is divided by 512?
34
What is the remainder when 13615209 is divided by 800894?
11
Calculate the remainder when 8679701 is divided by 96441.
11
Calculate the remainder when 11496743 is divided by 107.
21
What is the remainder when 1706435 is divided by 5171?
5
What is the remainder when 272521 is divided by 2301?
1003
What is the remainder when 965735 is divided by 41976?
287
What is the remainder when 459004720 is divided by 153001570?
10
Calculate the remainder when 384899 is divided by 96222.
11
Calculate the remainder when 12350537 is divided by 158340.
17
What is the remainder when 330811 is divided by 12061?
5164
Calculate the remainder when 87937 is divided by 4186.
31
What is the remainder when 8653607 is divided by 503?
498
What is the remainder when 29985792 is divided by 27?
24
Calculate the remainder when 3705626 is divided by 1923.
5
Calculate the remainder when 5027430 is divided by 207.
21
What is the remainder when 500290 is divided by 1300?
1090
Calculate the remainder when 242509 is divided by 160.
109
Calculate the remainder when 491477 is divided by 44533.
1614
What is the remainder when 375698 is divided by 62602?
86
Calculate the remainder when 88532 is divided by 4419.
152
What is the remainder when 48130 is divided by 23866?
398
Calculate the remainder when 17373 is divided by 1184.
797
What is the remainder when 10172915 is divided by 606?
599
Calculate the remainder when 4898684 is divided by 102.
32
Calculate the remainder when 1309935 is divided by 443.
427
What is the remainder when 4005699 is divided by 17?
6
What is the remainder when 149831 is divided by 73670?
2491
Calculate the remainder when 6175122 is divided by 2058373.
3
Calculate the remainder when 39124 is divided by 7585.
1199
What is the remainder when 2040386457 is divided by 7770?
7767
Calculate the remainder when 882184 is divided by 14949.
193
What is the remainder when 4083071 is divided by 12?
11
What is the remainder when 30236400 is divided by 200241?
9
What is the remainder when 13847517 is divided by 18?
9
What is the remainder when 3990510 is divided by 3726?
3690
What is the remainder when 430483 is divided by 145?
123
Calculate the remainder when 18366827 is divided by 48.
11
What is the remainder when 1982016 is divided by 555?
111
Calculate the remainder when 91258867 is divided by 10.
7
Calculate the remainder when 1125298 is divided by 7820.
7038
What is the remainder when 2966503 is divided by 296635?
153
Calculate the remainder when 1394567 is divided by 158.
59
Calculate the remainder when 97827 is divided by 27370.
15717
Calculate the remainder when 114069 is divided by 958.
67
What is the remainder when 811150 is divided by 18435?
10
Calculate the remainder when 687900 is divided by 222.
144
What is the remainder when 28162030 is divided by 290330?
20
Calculate the remainder when 1873469 is divided by 89135.
1634
What is the remainder when 1655931 is divided by 35998?
23
What is the remainder when 3161430 is divided by 1358?
6
What is the remainder when 1167018193 is divided by 86?
85
Calculate the remainder when 6120 is divided by 1576.
1392
What is the remainder when 208117 is divided by 5?
2
Calculate the remainder when 132003685 is divided by 8570.
8545
What is th